nd 18.
6
What is the greatest common factor of 21976 and 2814?
134
Calculate the greatest common divisor of 2380 and 2800.
140
What is the greatest common divisor of 2381250 and 762?
762
What is the highest common divisor of 6758 and 93?
31
What is the highest common divisor of 11341723 and 43?
43
Calculate the greatest common divisor of 129648 and 16428.
444
What is the greatest common divisor of 76656 and 1200?
48
Calculate the greatest common factor of 1152 and 153984.
384
Calculate the highest common factor of 728 and 52822.
14
Calculate the highest common divisor of 123 and 36654.
123
Calculate the greatest common factor of 6210 and 1755.
135
What is the highest common factor of 5055 and 4215?
15
Calculate the greatest common divisor of 205900 and 29.
29
What is the highest common divisor of 43981 and 40992?
427
What is the greatest common divisor of 5175 and 19941?
69
What is the highest common divisor of 245 and 5040?
35
Calculate the greatest common factor of 4324 and 207.
23
Calculate the highest common divisor of 41054 and 3.
1
Calculate the highest common factor of 195 and 82920.
15
What is the highest common divisor of 586 and 1926475?
293
Calculate the highest common divisor of 828907 and 26361.
2929
What is the highest common divisor of 3011706 and 54?
18
Calculate the greatest common factor of 3933931 and 19.
19
What is the highest common factor of 30093 and 21?
21
Calculate the highest common divisor of 42 and 444858.
6
What is the highest common factor of 622 and 454?
2
What is the highest common factor of 532 and 44954?
266
Calculate the highest common divisor of 8626 and 76.
38
What is the greatest common divisor of 845 and 260?
65
Calculate the greatest common factor of 17379 and 1557.
9
What is the greatest common factor of 5742 and 1078?
22
Calculate the greatest common factor of 74062 and 171.
19
Calculate the highest common divisor of 3 and 36216.
3
Calculate the greatest common factor of 260 and 72878.
26
Calculate the highest common divisor of 558 and 41478.
186
What is the highest common divisor of 1304773 and 669?
223
What is the greatest common divisor of 80 and 11000?
40
Calculate the greatest common divisor of 30 and 44424.
6
Calculate the greatest common factor of 2048 and 13568.
256
What is the highest common factor of 7381 and 25376?
61
Calculate the highest common divisor of 15330 and 55626.
438
Calculate the highest common divisor of 206100 and 200.
100
What is the greatest common divisor of 1786 and 423?
47
What is the highest common factor of 194 and 66833?
97
What is the greatest common divisor of 10571938 and 2054?
2054
What is the highest common factor of 13 and 26962?
13
Calculate the highest common divisor of 7018 and 24.
2
What is the highest common divisor of 47901 and 63?
21
What is the greatest common factor of 16473 and 1122?
51
What is the greatest common factor of 690 and 202020?
30
What is the highest common factor of 4640 and 182816?
928
Calculate the highest common factor of 91154 and 238.
238
What is the highest common factor of 9035 and 91?
13
Calculate the highest common divisor of 1159 and 1083.
19
What is the highest common divisor of 119 and 8512?
7
Calculate the greatest common factor of 9 and 131067.
9
Calculate the highest common divisor of 9180129 and 21.
21
Calculate the highest common factor of 3 and 44964.
3
Calculate the greatest common factor of 258 and 1148229.
129
What is the highest common divisor of 175 and 2375?
25
Calculate the greatest common divisor of 6414 and 415841.
1069
What is the highest common divisor of 89320 and 1166?
22
What is the greatest common divisor of 49970 and 270?
10
What is the greatest common factor of 1060 and 65?
5
Calculate the greatest common divisor of 728 and 7784.
56
What is the highest common factor of 17812 and 16836?
244
What is the greatest common divisor of 29545 and 608?
19
What is the greatest common factor of 340 and 55267?
17
Calculate the highest common factor of 7897 and 1113.
53
What is the highest common divisor of 640 and 617920?
320
What is the highest common factor of 114 and 99598?
38
What is the highest common factor of 19940 and 50?
10
What is the greatest common factor of 2375 and 2071?
19
Calculate the greatest common factor of 87471 and 36.
9
What is the greatest common divisor of 7194 and 1452?
66
What is the highest common divisor of 39660 and 76?
4
Calculate the greatest common factor of 440 and 1014926.
22
What is the highest common factor of 2117 and 13?
1
Calculate the greatest common divisor of 2626 and 23028.
202
Calculate the greatest common divisor of 21 and 2254.
7
Calculate the highest common factor of 876 and 31980.
12
Calculate the highest common factor of 224 and 21042.
14
Calculate the highest common factor of 93134 and 2.
2
Calculate the highest common divisor of 1022 and 238.
14
Calculate the greatest common factor of 165 and 98670.
165
Calculate the highest common divisor of 273733 and 304.
19
Calculate the greatest common divisor of 5806428 and 36.
12
Calculate the greatest common divisor of 6 and 269160.
6
Calculate the highest common divisor of 745436 and 5181.
157
What is the greatest common divisor of 141 and 10246?
47
Calculate the greatest common divisor of 53001 and 702.
351
Calculate the greatest common factor of 2573 and 775.
31
What is the greatest common divisor of 426 and 9540?
6
Calculate the greatest common factor of 207 and 29196.
9
What is the highest common factor of 64 and 46?
2
What is the highest common divisor of 225346 and 66?
22
Calculate the greatest common divisor of 1448 and 895226.
362
Calculate the highest common divisor of 986 and 5858.
58
Calculate the greatest common factor of 132118 and 14.
14
What is the highest common factor of 46063 and 511?
73
Calculate the highest common factor of 2849 and 2486.
11
What is the highest common factor of 56105 and 4165?
245
What is the greatest common factor of 578 and 833?
17
Calculate the highest common divisor of 979878 and 2364.
1182
What is the greatest common divisor of 150 and 105710?
10
Calculate the highest common factor of 8514 and 594.
198
Calculate the greatest common factor of 162 and 999135.
81
Calculate the greatest common divisor of 1160 and 73760.
40
What is the greatest common factor of 1353795 and 765?
255
Calculate the highest common divisor of 7096 and 88.
8
What is the highest common factor of 33 and 232023?
33
Calculate the greatest common factor of 14465 and 2805.
55
What is the greatest common factor of 1879668 and 2016?
252
Calculate the highest common divisor of 502452 and 10404.
612
What is the highest common factor of 5616 and 3991?
13
What is the highest common divisor of 479 and 1506?
1
Calculate the highest common factor of 18 and 1252062.
18
What is the highest common factor of 348 and 85840?
116
Calculate the greatest common factor of 879 and 1083221.
293
What is the highest common divisor of 174 and 10121?
29
Calculate the greatest common factor of 46978 and 92258.
566
Calculate the highest common factor of 2816 and 583.
11
Calculate the highest common factor of 524 and 484176.
524
What is the greatest common divisor of 52 and 615628?
52
Calculate the greatest common factor of 1002 and 1182026.
334
Calculate the greatest common divisor of 960 and 13590.
30
What is the greatest common factor of 15 and 117235?
5
What is the highest common divisor of 70170 and 190?
10
Calculate the highest common factor of 412410 and 240.
30
Calculate the greatest common factor of 6061 and 16929.
209
What is the greatest common factor of 39712 and 30192?
272
Calculate the highest common divisor of 354631 and 395.
79
Calculate the greatest common divisor of 23972 and 43.
1
Calculate the greatest common factor of 7412 and 4726.
34
What is the greatest common factor of 122752 and 12544?
896
What is the greatest common divisor of 600 and 11150?
50
What is the highest common divisor of 981 and 317517?
327
What is the greatest common divisor of 1067936 and 736?
736
What is the highest common factor of 7 and 3146997?
7
What is the greatest common divisor of 5800 and 1653?
29
What is the highest common factor of 268906 and 1342?
22
Calculate the greatest common factor of 9229 and 2024507.
839
What is the greatest common f